{"id":130600,"date":"2026-04-26T12:43:56","date_gmt":"2026-04-26T12:43:56","guid":{"rendered":"https:\/\/teka.com\/es-es\/delantal-ajustable-de-algodon-negro_111890021"},"modified":"2026-03-14T08:26:03","modified_gmt":"2026-03-14T09:26:03","slug":"delantal-ajustable-de-algodon-negro_111890021","status":"publish","type":"product","link":"https:\/\/www.teka.com\/es-es\/producto\/delantal-ajustable-de-algodon-negro_111890021\/","title":{"rendered":"Delantal PRO"},"content":{"rendered":"<ul>\n<li>Delantal ajustable<\/li>\n<li>Protege tu ropa de cualquier salpicadura a la hora de cocinar<\/li>\n<li>Puedes guardar utensilios peque\u00f1os en sus bolsillos delanteros<\/li>\n<li>Material org\u00e1nico de mejor contacto para tu piel<\/li>\n<li>Tirantes extra\u00edbles con botones de presi\u00f3n<\/li>\n<li>C\u00f3modo, duradero y sostenible<\/li>\n<\/ul>\n","protected":false},"featured_media":0,"parent":0,"template":"","product_cat":[65710],"product_cleaning_system":[],"product_edition":[],"product_serie":[],"product_features":[],"finishes":[],"product_3rd_basket":[],"product_drawers":[],"product_type_of_installation":[],"product_bundles":[],"product_energy_efficiency":[],"product_video_training":[],"class_list":["post-130600","product","type-product","status-publish","hentry","product_cat-complementos","color-negro","product_type_of_appliance-otros-accesorios-de-cocina"],"acf":[],"yoast_head":"<!-- This site is optimized with the Yoast SEO plugin v27.5 - https:\/\/yoast.com\/product\/yoast-seo-wordpress\/ -->\n<title>Delantal de Cocina Negro con 2 Bolsillos | Teka Espa\u00f1a<\/title>\n<meta name=\"description\" content=\"Mandil de cocina de color negro con detalles en cuero. Cuello ajustable y con 2 bolsillos. Delantal de algod\u00f3n org\u00e1nico. Cocina sin mancharte con este mandil de cocina. Descubre m\u00e1s en Teka Espa\u00f1a.\" \/>\n<meta name=\"robots\" content=\"index, follow, max-snippet:-1, max-image-preview:large, max-video-preview:-1\" \/>\n<link rel=\"canonical\" href=\"https:\/\/www.teka.com\/es-es\/producto\/delantal-ajustable-de-algodon-negro_111890021\/\" \/>\n<meta property=\"og:locale\" content=\"es_ES\" \/>\n<meta property=\"og:type\" content=\"article\" \/>\n<meta property=\"og:title\" content=\"Delantal de Cocina Negro con 2 Bolsillos | Teka Espa\u00f1a\" \/>\n<meta property=\"og:description\" content=\"Mandil de cocina de color negro con detalles en cuero. Cuello ajustable y con 2 bolsillos. Delantal de algod\u00f3n org\u00e1nico. Cocina sin mancharte con este mandil de cocina. Descubre m\u00e1s en Teka Espa\u00f1a.\" \/>\n<meta property=\"og:url\" content=\"https:\/\/www.teka.com\/es-es\/producto\/delantal-ajustable-de-algodon-negro_111890021\/\" \/>\n<meta property=\"og:site_name\" content=\"Teka Espa\u00f1a\" \/>\n<meta name=\"twitter:card\" content=\"summary_large_image\" \/>\n<script type=\"application\/ld+json\" class=\"yoast-schema-graph\">{\"@context\":\"https:\\\/\\\/schema.org\",\"@graph\":[{\"@type\":\"WebPage\",\"@id\":\"https:\\\/\\\/www.teka.com\\\/es-es\\\/producto\\\/delantal-ajustable-de-algodon-negro_111890021\\\/\",\"url\":\"https:\\\/\\\/www.teka.com\\\/es-es\\\/producto\\\/delantal-ajustable-de-algodon-negro_111890021\\\/\",\"name\":\"Delantal de Cocina Negro con 2 Bolsillos | Teka Espa\u00f1a\",\"isPartOf\":{\"@id\":\"https:\\\/\\\/www.teka.com\\\/es-es\\\/#website\"},\"datePublished\":\"2026-04-26T12:43:56+00:00\",\"description\":\"Mandil de cocina de color negro con detalles en cuero. Cuello ajustable y con 2 bolsillos. Delantal de algod\u00f3n org\u00e1nico. Cocina sin mancharte con este mandil de cocina. Descubre m\u00e1s en Teka Espa\u00f1a.\",\"inLanguage\":\"es\",\"potentialAction\":[{\"@type\":\"ReadAction\",\"target\":[\"https:\\\/\\\/www.teka.com\\\/es-es\\\/producto\\\/delantal-ajustable-de-algodon-negro_111890021\\\/\"]}]},{\"@type\":\"WebSite\",\"@id\":\"https:\\\/\\\/www.teka.com\\\/es-es\\\/#website\",\"url\":\"https:\\\/\\\/www.teka.com\\\/es-es\\\/\",\"name\":\"Teka Espa\u00f1a\",\"description\":\"\",\"publisher\":{\"@id\":\"https:\\\/\\\/www.teka.com\\\/es-es\\\/#organization\"},\"potentialAction\":[{\"@type\":\"SearchAction\",\"target\":{\"@type\":\"EntryPoint\",\"urlTemplate\":\"https:\\\/\\\/www.teka.com\\\/es-es\\\/?s={search_term_string}\"},\"query-input\":{\"@type\":\"PropertyValueSpecification\",\"valueRequired\":true,\"valueName\":\"search_term_string\"}}],\"inLanguage\":\"es\"},{\"@type\":\"Organization\",\"@id\":\"https:\\\/\\\/www.teka.com\\\/es-es\\\/#organization\",\"name\":\"Teka Espa\u00f1a\",\"url\":\"https:\\\/\\\/www.teka.com\\\/es-es\\\/\",\"logo\":{\"@type\":\"ImageObject\",\"inLanguage\":\"es\",\"@id\":\"https:\\\/\\\/www.teka.com\\\/es-es\\\/#\\\/schema\\\/logo\\\/image\\\/\",\"url\":\"https:\\\/\\\/www.teka.com\\\/es-es\\\/wp-content\\\/uploads\\\/sites\\\/2\\\/2020\\\/08\\\/teka-new-logo.png\",\"contentUrl\":\"https:\\\/\\\/www.teka.com\\\/es-es\\\/wp-content\\\/uploads\\\/sites\\\/2\\\/2020\\\/08\\\/teka-new-logo.png\",\"width\":1024,\"height\":1024,\"caption\":\"Teka Espa\u00f1a\"},\"image\":{\"@id\":\"https:\\\/\\\/www.teka.com\\\/es-es\\\/#\\\/schema\\\/logo\\\/image\\\/\"}}]}<\/script>\n<!-- \/ Yoast SEO plugin. -->","yoast_head_json":{"title":"Delantal de Cocina Negro con 2 Bolsillos | Teka Espa\u00f1a","description":"Mandil de cocina de color negro con detalles en cuero. Cuello ajustable y con 2 bolsillos. Delantal de algod\u00f3n org\u00e1nico. Cocina sin mancharte con este mandil de cocina. Descubre m\u00e1s en Teka Espa\u00f1a.","robots":{"index":"index","follow":"follow","max-snippet":"max-snippet:-1","max-image-preview":"max-image-preview:large","max-video-preview":"max-video-preview:-1"},"canonical":"https:\/\/www.teka.com\/es-es\/producto\/delantal-ajustable-de-algodon-negro_111890021\/","og_locale":"es_ES","og_type":"article","og_title":"Delantal de Cocina Negro con 2 Bolsillos | Teka Espa\u00f1a","og_description":"Mandil de cocina de color negro con detalles en cuero. Cuello ajustable y con 2 bolsillos. Delantal de algod\u00f3n org\u00e1nico. Cocina sin mancharte con este mandil de cocina. Descubre m\u00e1s en Teka Espa\u00f1a.","og_url":"https:\/\/www.teka.com\/es-es\/producto\/delantal-ajustable-de-algodon-negro_111890021\/","og_site_name":"Teka Espa\u00f1a","twitter_card":"summary_large_image","schema":{"@context":"https:\/\/schema.org","@graph":[{"@type":"WebPage","@id":"https:\/\/www.teka.com\/es-es\/producto\/delantal-ajustable-de-algodon-negro_111890021\/","url":"https:\/\/www.teka.com\/es-es\/producto\/delantal-ajustable-de-algodon-negro_111890021\/","name":"Delantal de Cocina Negro con 2 Bolsillos | Teka Espa\u00f1a","isPartOf":{"@id":"https:\/\/www.teka.com\/es-es\/#website"},"datePublished":"2026-04-26T12:43:56+00:00","description":"Mandil de cocina de color negro con detalles en cuero. Cuello ajustable y con 2 bolsillos. Delantal de algod\u00f3n org\u00e1nico. Cocina sin mancharte con este mandil de cocina. Descubre m\u00e1s en Teka Espa\u00f1a.","inLanguage":"es","potentialAction":[{"@type":"ReadAction","target":["https:\/\/www.teka.com\/es-es\/producto\/delantal-ajustable-de-algodon-negro_111890021\/"]}]},{"@type":"WebSite","@id":"https:\/\/www.teka.com\/es-es\/#website","url":"https:\/\/www.teka.com\/es-es\/","name":"Teka Espa\u00f1a","description":"","publisher":{"@id":"https:\/\/www.teka.com\/es-es\/#organization"},"potentialAction":[{"@type":"SearchAction","target":{"@type":"EntryPoint","urlTemplate":"https:\/\/www.teka.com\/es-es\/?s={search_term_string}"},"query-input":{"@type":"PropertyValueSpecification","valueRequired":true,"valueName":"search_term_string"}}],"inLanguage":"es"},{"@type":"Organization","@id":"https:\/\/www.teka.com\/es-es\/#organization","name":"Teka Espa\u00f1a","url":"https:\/\/www.teka.com\/es-es\/","logo":{"@type":"ImageObject","inLanguage":"es","@id":"https:\/\/www.teka.com\/es-es\/#\/schema\/logo\/image\/","url":"https:\/\/www.teka.com\/es-es\/wp-content\/uploads\/sites\/2\/2020\/08\/teka-new-logo.png","contentUrl":"https:\/\/www.teka.com\/es-es\/wp-content\/uploads\/sites\/2\/2020\/08\/teka-new-logo.png","width":1024,"height":1024,"caption":"Teka Espa\u00f1a"},"image":{"@id":"https:\/\/www.teka.com\/es-es\/#\/schema\/logo\/image\/"}}]}},"_links":{"self":[{"href":"https:\/\/www.teka.com\/es-es\/wp-json\/wp\/v2\/product\/130600","targetHints":{"allow":["GET"]}}],"collection":[{"href":"https:\/\/www.teka.com\/es-es\/wp-json\/wp\/v2\/product"}],"about":[{"href":"https:\/\/www.teka.com\/es-es\/wp-json\/wp\/v2\/types\/product"}],"wp:attachment":[{"href":"https:\/\/www.teka.com\/es-es\/wp-json\/wp\/v2\/media?parent=130600"}],"wp:term":[{"taxonomy":"product_cat","embeddable":true,"href":"https:\/\/www.teka.com\/es-es\/wp-json\/wp\/v2\/product_cat?post=130600"},{"taxonomy":"product_cleaning_system","embeddable":true,"href":"https:\/\/www.teka.com\/es-es\/wp-json\/wp\/v2\/product_cleaning_system?post=130600"},{"taxonomy":"product_edition","embeddable":true,"href":"https:\/\/www.teka.com\/es-es\/wp-json\/wp\/v2\/product_edition?post=130600"},{"taxonomy":"product_serie","embeddable":true,"href":"https:\/\/www.teka.com\/es-es\/wp-json\/wp\/v2\/product_serie?post=130600"},{"taxonomy":"product_features","embeddable":true,"href":"https:\/\/www.teka.com\/es-es\/wp-json\/wp\/v2\/product_features?post=130600"},{"taxonomy":"finishes","embeddable":true,"href":"https:\/\/www.teka.com\/es-es\/wp-json\/wp\/v2\/finishes?post=130600"},{"taxonomy":"product_3rd_basket","embeddable":true,"href":"https:\/\/www.teka.com\/es-es\/wp-json\/wp\/v2\/product_3rd_basket?post=130600"},{"taxonomy":"product_drawers","embeddable":true,"href":"https:\/\/www.teka.com\/es-es\/wp-json\/wp\/v2\/product_drawers?post=130600"},{"taxonomy":"product_type_of_installation","embeddable":true,"href":"https:\/\/www.teka.com\/es-es\/wp-json\/wp\/v2\/product_type_of_installation?post=130600"},{"taxonomy":"product_bundles","embeddable":true,"href":"https:\/\/www.teka.com\/es-es\/wp-json\/wp\/v2\/product_bundles?post=130600"},{"taxonomy":"product_energy_efficiency","embeddable":true,"href":"https:\/\/www.teka.com\/es-es\/wp-json\/wp\/v2\/product_energy_efficiency?post=130600"},{"taxonomy":"product_video_training","embeddable":true,"href":"https:\/\/www.teka.com\/es-es\/wp-json\/wp\/v2\/product_video_training?post=130600"}],"curies":[{"name":"wp","href":"https:\/\/api.w.org\/{rel}","templated":true}]}}

<ul>
<li>Delantal ajustable</li>
<li>Protege tu ropa de cualquier salpicadura a la hora de cocinar</li>
<li>Puedes guardar utensilios pequeños en sus bolsillos delanteros</li>
<li>Material orgánico de mejor contacto para tu piel</li>
<li>Tirantes extraíbles con botones de presión</li>
<li>Cómodo, duradero y sostenible</li>
</ul>

<!-- This site is optimized with the Yoast SEO plugin v27.5 - https://yoast.com/product/yoast-seo-wordpress/ -->
<title>Delantal de Cocina Negro con 2 Bolsillos | Teka España</title>
<meta name="description" content="Mandil de cocina de color negro con detalles en cuero. Cuello ajustable y con 2 bolsillos. Delantal de algodón orgánico. Cocina sin mancharte con este mandil de cocina. Descubre más en Teka España." />
<meta name="robots" content="index, follow, max-snippet:-1, max-image-preview:large, max-video-preview:-1" />
<link rel="canonical" href="https://www.teka.com/es-es/producto/delantal-ajustable-de-algodon-negro_111890021/" />
<meta property="og:locale" content="es_ES" />
<meta property="og:type" content="article" />
<meta property="og:title" content="Delantal de Cocina Negro con 2 Bolsillos | Teka España" />
<meta property="og:description" content="Mandil de cocina de color negro con detalles en cuero. Cuello ajustable y con 2 bolsillos. Delantal de algodón orgánico. Cocina sin mancharte con este mandil de cocina. Descubre más en Teka España." />
<meta property="og:url" content="https://www.teka.com/es-es/producto/delantal-ajustable-de-algodon-negro_111890021/" />
<meta property="og:site_name" content="Teka España" />
<meta name="twitter:card" content="summary_large_image" />
<script type="application/ld+json" class="yoast-schema-graph">{"@context":"https:\/\/schema.org","@graph":[{"@type":"WebPage","@id":"https:\/\/www.teka.com\/es-es\/producto\/delantal-ajustable-de-algodon-negro_111890021\/","url":"https:\/\/www.teka.com\/es-es\/producto\/delantal-ajustable-de-algodon-negro_111890021\/","name":"Delantal de Cocina Negro con 2 Bolsillos | Teka España","isPartOf":{"@id":"https:\/\/www.teka.com\/es-es\/#website"},"datePublished":"2026-04-26T12:43:56+00:00","description":"Mandil de cocina de color negro con detalles en cuero. Cuello ajustable y con 2 bolsillos. Delantal de algodón orgánico. Cocina sin mancharte con este mandil de cocina. Descubre más en Teka España.","inLanguage":"es","potentialAction":[{"@type":"ReadAction","target":["https:\/\/www.teka.com\/es-es\/producto\/delantal-ajustable-de-algodon-negro_111890021\/"]}]},{"@type":"WebSite","@id":"https:\/\/www.teka.com\/es-es\/#website","url":"https:\/\/www.teka.com\/es-es\/","name":"Teka España","description":"","publisher":{"@id":"https:\/\/www.teka.com\/es-es\/#organization"},"potentialAction":[{"@type":"SearchAction","target":{"@type":"EntryPoint","urlTemplate":"https:\/\/www.teka.com\/es-es\/?s={search_term_string}"},"query-input":{"@type":"PropertyValueSpecification","valueRequired":true,"valueName":"search_term_string"}}],"inLanguage":"es"},{"@type":"Organization","@id":"https:\/\/www.teka.com\/es-es\/#organization","name":"Teka España","url":"https:\/\/www.teka.com\/es-es\/","logo":{"@type":"ImageObject","inLanguage":"es","@id":"https:\/\/www.teka.com\/es-es\/#\/schema\/logo\/image\/","url":"https:\/\/www.teka.com\/es-es\/wp-content\/uploads\/sites\/2\/2020\/08\/teka-new-logo.png","contentUrl":"https:\/\/www.teka.com\/es-es\/wp-content\/uploads\/sites\/2\/2020\/08\/teka-new-logo.png","width":1024,"height":1024,"caption":"Teka España"},"image":{"@id":"https:\/\/www.teka.com\/es-es\/#\/schema\/logo\/image\/"}}]}</script>
<!-- / Yoast SEO plugin. -->

Delantal de Cocina Negro con 2 Bolsillos | Teka España

Mandil de cocina de color negro con detalles en cuero. Cuello ajustable y con 2 bolsillos. Delantal de algodón orgánico. Cocina sin mancharte con este mandil de cocina. Descubre más en Teka España.

Teka España
